457?
7, 440194351
List the prime factors of 42635591.
42635591
What are the prime factors of 263615200?
2, 5, 329519
List the prime factors of 258891501.
3, 11, 131, 59887
List the prime factors of 1220613828.
2, 3, 7, 29, 109, 4597
What are the prime factors of 189348930?
2, 3, 5, 31, 67867
List the prime factors of 41673533.
11, 3788503
What are the prime factors of 2241321177?
3, 747107059
List the prime factors of 1909665679.
1909665679
List the prime factors of 63912257.
19, 3363803
List the prime factors of 1809645728.
2, 11, 19, 37, 71, 103
What are the prime factors of 8122624971?
3, 521, 5196817
What are the prime factors of 840389787?
3, 93376643
List the prime factors of 1497724614.
2, 3, 27735641
List the prime factors of 90120899.
11, 8192809
List the prime factors of 24393933.
3, 903479
What are the prime factors of 414310250?
2, 5, 383, 4327
What are the prime factors of 871742951?
2693, 323707
List the prime factors of 215130026.
2, 107565013
List the prime factors of 363958.
2, 7, 25997
List the prime factors of 3456793299.
3, 1609, 716137
List the prime factors of 23717587.
59, 401993
List the prime factors of 68030666.
2, 11, 499, 6197
List the prime factors of 2458015979.
2458015979
List the prime factors of 240969254.
2, 17, 7087331
What are the prime factors of 2346302104?
2, 293287763
What are the prime factors of 239023540?
2, 5, 7, 293, 5827
What are the prime factors of 938837618?
2, 59, 233, 34147
List the prime factors of 1449396970.
2, 5, 7, 431, 6863
List the prime factors of 88326675.
3, 5, 457, 859
List the prime factors of 15130790.
2, 5, 31, 48809
List the prime factors of 315214607.
199, 229, 6917
What are the prime factors of 3778572170?
2, 5, 377857217
What are the prime factors of 2004593846?
2, 1002296923
List the prime factors of 178386932.
2, 71, 523, 1201
List the prime factors of 110510927.
110510927
What are the prime factors of 1424522680?
2, 5, 7, 5087581
List the prime factors of 231803213.
31, 7477523
List the prime factors of 4074213426.
2, 3, 251, 2705321
What are the prime factors of 522867716?
2, 7, 18673847
What are the prime factors of 2376299311?
24107, 98573
What are the prime factors of 551271712?
2, 67, 257123
What are the prime factors of 327980035?
5, 773, 84859
List the prime factors of 21168459.
3, 13, 6701
What are the prime factors of 39129502?
2, 31, 631121
List the prime factors of 88805490.
2, 3, 5, 149, 19867
List the prime factors of 104505926.
2, 7, 3109
List the prime factors of 98524788.
2, 3, 8210399
What are the prime factors of 809422021?
19, 42601159
What are the prime factors of 1517851298?
2, 758925649
List the prime factors of 2381780419.
929, 2563811
List the prime factors of 1313463390.
2, 3, 5, 1049, 41737
List the prime factors of 90696911.
90696911
What are the prime factors of 1058661824?
2, 11, 1503781
What are the prime factors of 4277106520?
2, 5, 106927663
What are the prime factors of 1034013843?
3, 1129, 3769
What are the prime factors of 43154315?
5, 73, 137, 863
List the prime factors of 1558461122.
2, 779230561
List the prime factors of 1397406517.
13, 107492809
List the prime factors of 137778765.
3, 5, 79, 116269
List the prime factors of 56012036.
2, 14003009
List the prime factors of 132461999.
53, 157, 15919
List the prime factors of 24514857.
3, 379, 7187
What are the prime factors of 50488460?
2, 5, 11, 31, 673
List the prime factors of 8956639351.
11, 814239941
List the prime factors of 15940900.
2, 5, 17, 9377
List the prime factors of 442257385.
5, 88451477
What are the prime factors of 1412430932?
2, 11, 359, 89417
List the prime factors of 744914947.
7, 53, 367, 5471
What are the prime factors of 82121053?
7, 79, 148501
List the prime factors of 758152185.
3, 5, 7, 7220497
What are the prime factors of 33731204?
2, 13, 648677
List the prime factors of 1945268972.
2, 31, 2467, 6359
What are the prime factors of 1103533868?
2, 29, 47, 202409
List the prime factors of 4041881951.
19, 212730629
List the prime factors of 198340453.
198340453
What are the prime factors of 18570004?
2, 37, 271, 463
List the prime factors of 1244141269.
7, 41, 281, 15427
List the prime factors of 261767491.
261767491
List the prime factors of 36261862.
2, 7, 13, 28463
List the prime factors of 37397269.
7, 13, 29, 37, 383
List the prime factors of 686979154.
2, 343489577
What are the prime factors of 16405709?
16405709
What are the prime factors of 6562826?
2, 97, 33829
List the prime factors of 121900040.
2, 5, 269, 11329
List the prime factors of 314497739.
17, 101, 183167
List the prime factors of 17571174.
2, 3, 2928529
What are the prime factors of 372523845?
3, 5, 24834923
List the prime factors of 55365926.
2, 7, 11, 233, 1543
List the prime factors of 1229056891.
107, 251, 45763
List the prime factors of 5282359262.
2, 23, 114833897
What are the prime factors of 3356608974?
2, 3, 139, 4024711
What are the prime factors of 126362794?
2, 63181397
What are the prime factors of 433681322?
2, 17, 12755333
What are the prime factors of 137946546?
2, 3, 7663697
What are the prime factors of 29620145?
5, 19, 311791
What are the prime factors of 1191548196?
2, 3, 197, 168013
List the prime factors of 4283648040.
2, 3, 5, 7, 19, 97, 2767
List the prime factors of 10345254.
2, 3, 1724209
List the prime factors of 767777789.
23, 191, 174773
What are the prime factors of 566911070?
2, 5, 11, 17, 1049
List the prime factors of 75573203.
19, 37, 193, 557
What are the prime factors of 217623359?
19, 181, 63281
List the prime factors of 169373094.
2, 3, 11, 2566259
What are the prime factors of 159427536?
2, 3, 23, 144409
What are the prime factors of 409357049?
239, 1712791
What are the prime factors of 392474886?
2, 3, 17, 1151, 3343
List the prime factors of 964488248.
2, 79, 1526089
List the prime factors of 1142279600.
2, 5, 7, 11, 37087
List the prime factors of 3167730364.
2, 43, 89, 206933
List the prime factors of 177209271.
3, 19689919
List the prime factors of 238935564.
2, 3, 7, 19, 7129
List the prime factors of 181503464.
2, 101, 224633
List the prime factors of 184052172.
2, 3, 467, 32843
What are the prime factors of 2090756755?
5, 418151351
List the prime factors of 148726709.
148726709
List the prime factors of 979688705.
5, 195937741
List the prime factors of 1806470922.
2, 3, 23, 13090369
What are the prime factors of 778765325?
5, 13, 17, 47, 2999
List the prime factors of 45302296.
2, 13, 659, 661
List the prime factors of 48758624.
2, 1523707
What are the prime factors of 512615640?
2, 3, 5, 137, 31181
List the prime factors of 155557393.
155557393
What are the prime factors of 33439182?
2, 3, 7, 796171
What are the prime factors of 437492895?
3, 5, 7, 4166599
What are the prime factors of 187467891?
3, 13, 17, 157, 1801
What are the prime factors of 513566037?
3, 57062893
What are the prime factors of 906389037?
3, 23, 37, 118343
List the prime factors of 98435040.
2, 3, 5, 11, 103, 181
List the prime factors of 25181593.
19, 61, 21727
List the prime factors of 36828596.
2, 7, 17, 1579
What are the prime factors of 4042629429?
3, 1347543143
List the prime factors of 43264656.
2, 3, 23, 13063
What are the prime factors of 73453695?
3, 5, 7, 37, 73
List the prime factors of 1272126961.
7, 827, 219749
What are the prime factors of 2523763709?
2523763709
List the prime factors of 53083530.
2, 3, 5, 19, 37, 839
What are the prime factors of 18208646?
2, 47, 97, 1997
List the prime factors of 140669633.
13, 23, 29, 16223
List the prime factors of 2952837899.
11, 17, 19, 75553
What are the prime factors of 252050306?
2, 126025153
What are the prime factors of 3235660357?
13613, 237689
What are the prime factors of 37615872?
2, 3, 7, 6997
List the prime factors of 811741102.
2, 1657, 244943
What are the prime factors of 4366250109?
3, 13, 83, 149873
List the prime factors of 443177530.
2, 5, 67, 661459
List the prime factors of 137205882.
2, 3, 11, 347, 1997
List the prime factors of 1549580863.
23, 67373081
List the prime factors of 46735399.
2963, 15773
What are the prime factors of 371938035?
3, 5, 7, 3542267
List the prime factors of 124804890.
2, 3, 5, 7, 397, 499
What are the prime factors of 2691372617?
1861, 1446197
What are the prime factors o